653, -2755 = -5*z - u*c. List the prime factors of z.
19, 29
Suppose -312 = -4*h + 5*y, -25 + 370 = 5*h + 5*y. What are the prime factors of 2/(-18) - (-127)/9*h?
2, 5, 103
Suppose 0 + 4 = l, k - 2*l + 5 = 0. Suppose -k*t + 4*g = -50 - 600, 3*t = -2*g + 638. Suppose -b = 5*u - 529, 2*u - 4*u = b - t. List the prime factors of u.
3, 5, 7
Let o(d) = -26*d + 56*d - 2*d - 16. What are the prime factors of o(34)?
2, 3, 13
Suppose -265958 = -2855*n + 2833*n. List the prime factors of n.
7, 11, 157
Let v(b) = 635*b**2 + 16*b + 18. What are the prime factors of v(-5)?
3, 7, 251
Let m(i) = i**3 + 7*i**2 + 12*i + 28. Let l be m(-5). Suppose 4*r - l*r + 1624 = 0. List the prime factors of r.
2, 29
Let y = 180 - 107. Let s = -361 + y. List the prime factors of s/(-3) + 3/(-2)*-2.
3, 11
Suppose -32*k - 1103970 = -108*k + 298534. What are the prime factors of k?
2, 9227
Let a be ((-20)/35)/(1*(-4)/14). Suppose -9*m = -a*m - 2422. What are the prime factors of m?
2, 173
Suppose u - 8 = -5, s + 2*u - 8724 = 0. What are the prime factors of s?
2, 3, 1453
Let j(v) = -9*v**2 - 12*v**3 + 0*v**3 + 14*v**3 + 11 - 4*v. List the prime factors of j(8).
7, 61
Let b = 153 + -151. Suppose f - 95 = -b*u, -2*f - 125 = -3*u - 0*f. What are the prime factors of u?
3, 5
Suppose -2*i + 484 = 22. What are the prime factors of i?
3, 7, 11
Suppose -10*f + 2*f - f = 0. Suppose -3*y - 5*h + 2383 = f, y + 2*y - 2*h - 2348 = 0. Let u = -549 + y. What are the prime factors of u?
3, 79
Suppose -2*m = -3*k + 18502, k + 6*m = 10*m + 6184. List the prime factors of k.
2, 23, 67
Let x be (12/30)/((-1)/(-175)). Let w be -1 + -4 + (1 - 38). Let z = x - w. What are the prime factors of z?
2, 7
Let b = 20624 + 4623. List the prime factors of b.
25247
Let d = -1 + 11. Suppose 2*c - d = -3*c. Suppose c*m - 512 = -4*z + 5*m, 5*z - 640 = -2*m. List the prime factors of z.
2
What are the prime factors of -9 + -16 + 24 - (3 - (5386 - 3))?
3, 11, 163
Suppose 4*v = t - 7974 - 3483, 5*v + 57375 = 5*t. What are the prime factors of t?
3, 43, 89
Let t(s) = -10068*s + 2421. What are the prime factors of t(-4)?
3, 7, 19, 107
Suppose 5*t - 21 = i - 8, 11 = -2*i + 5*t. Suppose -2*n - 3*s = -0*n - 1284, 0 = i*s. List the prime factors of n.
2, 3, 107
Let z be (3 + 13)/((-4)/8 - 0). Let i = -18 - z. Suppose i*f - 12*f - 328 = 0. What are the prime factors of f?
2, 41
Let t be 2/6 + (-11)/(-3). Let u(r) = -9*r - 456. Let l be u(-51). Suppose -3*h = c - 26, -l*c + c - t*h = -44. List the prime factors of c.
2, 7
Suppose -4*d = 35*d + 1872. List the prime factors of ((-105)/(-1))/(d/(-720)).
3, 5, 7
Suppose 0 = -29*f - 86*f - 70*f + 4229470. What are the prime factors of f?
2, 7, 23, 71
Let m be 7 - (-5 - -9) - (0 + 1). Suppose -m*j = -3*c - 3*j + 606, -4*c = 5*j - 797. Let p = c - 136. What are the prime factors of p?
67
What are the prime factors of (-5 - (-16)/24*12) + 8289?
2, 3, 691
Suppose 5 = -2*i + 7*i. Let d(j) be the second derivative of 13*j**3 + 3*j**2/2 - 56*j. What are the prime factors of d(i)?
3
Let q(i) = i - 24 + 4 + 2*i + 5*i**2 - 13*i - 2*i**3. List the prime factors of q(-6).
2, 163
Let r(a) = 2*a**2 - 20*a + 3. Suppose -5*z = -2*i - 0*z + 47, 3*i - 2*z = 54. What are the prime factors of r(i)?
3, 5, 13
Suppose -3*p = -3*w + 21420, -3*p - 5100 + 19360 = 2*w. Suppose -2*h = f - 1358, -4*f - h + w = 1676. List the prime factors of f.
2, 683
Let d(o) be the first derivative of o**4/4 + 5*o**3 + 15*o**2 + 159. Let j = 3 - 15. What are the prime factors of d(j)?
2, 3
Let k = 15854 - 1392. What are the prime factors of k?
2, 7, 1033
What are the prime factors of (5210/6)/((-171)/(-1026))?
2, 5, 521
Let l(r) be the second derivative of 13*r**3/6 + 271*r**2 - 136*r. What are the prime factors of l(0)?
2, 271
Let o = 1077 + -1535. Let v = 485 + o. What are the prime factors of v?
3
Let g = -65 - -68. Suppose -52*y - 1484 = -56*y - 5*b, -3*y + g*b + 1113 = 0. List the prime factors of y.
7, 53
Let k = 513 - 293. Let y = -102 + k. Suppose -7*h = 27 - y. What are the prime factors of h?
13
Suppose 3*h - 16481 = -3*b + 16957, -2*b + 5*h = -22243. What are the prime factors of b?
3, 47, 79
What are the prime factors of 17/(-255)*2995*-213?
71, 599
Suppose 104*g = 644572 + 196060. What are the prime factors of g?
59, 137
Let t = -12064 - -20587. What are the prime factors of t?
3, 947
Suppose 4*f - 1122 + 394 = 0. Let n = f - 149. List the prime factors of n.
3, 11
Let x(v) = -v**2 - v + 1. Let k(m) = -m**2 - 5*m + 6. Let p(t) = -k(t) + 6*x(t). Let c be p(-2). What are the prime factors of c/(-5)*25/10?
3
Suppose 2*d = 4*h - 10, h = -4*d - 4*h + 45. Suppose d*s = 2*o + 1302, -9*s + 6*s + 3*o = -774. List the prime factors of s.
2, 131
Suppose 0 = r + 4*y + 15 + 1, -2*r - 2*y = 2. Suppose -r*z + 2*v = -1888, 0 = 4*z + 3*v - 1822 - 46. What are the prime factors of z?
2, 5, 47
Let q(a) = 4*a - a**2 + 3*a + 10*a - 10*a - 6. Let g be q(2). Suppose -b - j + 88 = 0, 2*j + 254 = -b + g*b. What are the prime factors of b?
2, 43
Suppose 0 = q + 4*i - 17845, -11*i + 89209 = 5*q - 7*i. What are the prime factors of q?
3, 19, 313
Let h(t) = 89*t + 7428. List the prime factors of h(7).
83, 97
Let d be -6 + (-11619)/(-18)*(23 - 1). Suppose -7*m + 24*m = d. List the prime factors of m.
5, 167
Let g(l) = 7*l**3 + 43*l**2 - 119*l + 1494. What are the prime factors of g(20)?
2, 11, 19, 173
Let x(o) = -57*o - 4. Let z(r) = -r**2 - 8*r + 19. Let a be z(-10). Let g(w) = -w - 1. Let f(v) = a*x(v) + 6*g(v). List the prime factors of f(1).
7
Suppose 0 = -440*r + 444*r + 32. What are the prime factors of (1 - -40)*20/((-8)/r)?
2, 5, 41
Let f(p) = -p**2 - 7*p - 8. Let k be f(-4). Let l be (-6)/21 - k/42*-4497. Suppose 0*r - l = -4*r. What are the prime factors of r?
107
Let p(w) = 3*w**3 - 28*w**2 + 10*w + 180. List the prime factors of p(24).
2, 3, 19, 113
Let x(p) be the second derivative of p**5/20 + 7*p**4/12 - p**3/3 - 7*p**2/2 - 16*p. Let s be x(-7). What are the prime factors of s - 4 - 1*-13?
2
Suppose -10*k + 7625 + 52375 = 0. What are the prime factors of k?
2, 3, 5
Let y(b) = 1044*b + 9. Let w be y(1). Let p = -208 + w. List the prime factors of p.
5, 13
Suppose -32 = 58*y - 62*y. Suppose 2*k - 1282 = 5*c, 632 = k + 10*c - y*c. What are the prime factors of k?
2, 3, 53
Let j(m) = -6*m + 90. Let w be j(14). Suppose w*k - 5742 = -5*k. What are the prime factors of k?
2, 3, 29
Let v be -1*5 - 1088/17. Let d = v + 65. List the prime factors of (-3 + 0)/(d/332).
3, 83
Let s be 1/2 - (61269/6)/(-13). Let g = 1483 - s. What are the prime factors of g?
17, 41
Suppose -46*b = -3*b + 17*b - 260700. What are the prime factors of b?
5, 11, 79
Suppose -380 = -11*h - 27*h. Suppose -h*q + 870 = 20*q. What are the prime factors of q?
29
Let y(x) = 291*x**2 + 1459*x - 14. List the prime factors of y(-11).
2, 4787
Let x(o) = 31*o - 111. Let h = -86 + 95. What are the prime factors of x(h)?
2, 3, 7
What are the prime factors of (0 + 112/3)*(-282093)/(-2828)?
2, 7, 19
Suppose 0 = -4*o + 5*s + 26829, -3*o + 4578 + 15500 = 5*s. List the prime factors of 28/35 - o/(-5).
3, 149
Let t(i) be the first derivative of 35*i**4/3 + 2*i**3/3 + i**2/2 - 11*i + 3. Let n(u) be the first derivative of t(u). List the prime factors of n(-1).
137
Let q(t) = -12*t - 16. Let d(f) = -f - 1. Let k(l) = 3*l + 8. Let p(y) = -4*d(y) - k(y). Let j be p(-7). What are the prime factors of q(j)?
2, 29
Let c = 119 + -117. List the prime factors of ((-64)/(-12) - c)*(-282)/(-4).
5, 47
Suppose u + g - 7 = -0, -10 = 5*g. Let a(q) = 86*q - 96. What are the prime factors of a(u)?
2, 3, 113
Let w be (-2)/(3/108 + (-4)/(-18)). Let r(g) = -2*g**3 + 3*g**2 - 21*g - 40. What are the prime factors of r(w)?
2, 3, 7
Suppose -33*i + 182496 = -92394. List the prime factors of i.
2, 5, 7, 17
Let w = 365 + -360. Suppose -3*x + 3*z + 2433 = 0, w*x + 3*z - 6035 = -1980. List the prime factors of x.
811
Let w = 17679 - 12255. What are the prime factors of w?
2, 3, 113
Let n = 92 + -90. Suppose 5*i = 6*r - n*r + 9, 8 = 2*r. Suppose i*y + 0*y = -5, 3*y + 21 = 3*c. List the prime factors of c.
2, 3
Let k be (-2 - -162)/4 - 0. Suppose 13*z + k = 17*z. Suppose z*b = 719 + 1221. List the prime factors of b.
2, 97
Let j(w) be the third derivative of -17*w**4/24 - 11*w**3/6 - 7*w**2 + 3*w. What